{"id":546,"date":"2017-07-04T13:42:24","date_gmt":"2017-07-04T11:42:24","guid":{"rendered":"http:\/\/wp12645693.server-he.de\/www\/strandhaeuser-scheibner.de\/?page_id=546"},"modified":"2023-05-03T13:43:20","modified_gmt":"2023-05-03T11:43:20","slug":"event-theater","status":"publish","type":"page","link":"https:\/\/www.strandhaeuser-scheibner.de\/ferienhaus-ostsee-ruegen-strand\/event-theater\/","title":{"rendered":"Event &#038; Theater"},"content":{"rendered":"<div class=\"largediv\">Freuen Sie sich auf interessante Veranstaltungen und beliebte Ausflugsziele in unmittelbarer N\u00e4he<\/div>\n<div class=\"linkdiv\">\n<div class=\"wrap\">\n<div class=\"cols\"><img decoding=\"async\" loading=\"lazy\" class=\"media_image alignnone wp-image-832 size-large\" src=\"http:\/\/www.strandhaeuser-scheibner.de\/wp-content\/uploads\/2017\/11\/Karls_erdbeerhof_2120x1400-1024x676.jpg\" alt=\"\" width=\"640\" height=\"427\" \/><\/p>\n<div class=\"media_body\">\n<h2 class=\"title\">Karls Erdbeeren<\/h2>\n<p>Das Erlebnisdorf in Zirkow.<\/p>\n<\/div>\n<\/div>\n<div class=\"coltext\">Karls-Erdbeerhof<\/div>\n<\/div>\n<div class=\"wrap\">\n<div class=\"cols\">\n<p><img decoding=\"async\" loading=\"lazy\" class=\"media_image alignnone wp-image-14002 size-large\" src=\"http:\/\/www.strandhaeuser-scheibner.de\/wp-content\/uploads\/2023\/05\/stoertebeker-1c-1024x676.jpg\" alt=\"\" width=\"640\" height=\"423\" srcset=\"https:\/\/www.strandhaeuser-scheibner.de\/wp-content\/uploads\/2023\/05\/stoertebeker-1c-1024x676.jpg 1024w, https:\/\/www.strandhaeuser-scheibner.de\/wp-content\/uploads\/2023\/05\/stoertebeker-1c-300x198.jpg 300w, https:\/\/www.strandhaeuser-scheibner.de\/wp-content\/uploads\/2023\/05\/stoertebeker-1c-768x507.jpg 768w, https:\/\/www.strandhaeuser-scheibner.de\/wp-content\/uploads\/2023\/05\/stoertebeker-1c.jpg 1440w\" sizes=\"(max-width: 640px) 100vw, 640px\" \/><\/p>\n<div class=\"media_body\">\n<h2 class=\"title\">Festspiele<\/h2>\n<p>Die allj\u00e4hrlichen St\u00f6rtebeker Festspiele<\/p>\n<\/div>\n<\/div>\n<div class=\"coltext\">St\u00f6rtebeker<\/div>\n<\/div>\n<div class=\"wrap\">\n<div class=\"cols\"><img decoding=\"async\" loading=\"lazy\" class=\"media_image alignnone wp-image-837 size-large\" src=\"http:\/\/www.strandhaeuser-scheibner.de\/wp-content\/uploads\/2017\/11\/lachmoewe_2120x1400-1024x676.jpg\" alt=\"\" width=\"640\" height=\"427\" \/><\/p>\n<div class=\"media_body\">\n<h2 class=\"title\">Die Lachm\u00f6we<\/h2>\n<p>Kabarett und Satire. Ein lustiger Abend ist vorprogrammiert.<\/p>\n<\/div>\n<\/div>\n<div class=\"coltext\">Kabarett-Theater<\/div>\n<\/div>\n<\/div>\n<div class=\"linkdiv\">\n<div class=\"wrap\">\n<div class=\"cols\"><img decoding=\"async\" loading=\"lazy\" class=\"media_image alignnone wp-image-835 size-large\" src=\"http:\/\/www.strandhaeuser-scheibner.de\/wp-content\/uploads\/2017\/11\/haus_des_gastes_2120x1400-1024x676.jpg\" alt=\"\" width=\"640\" height=\"427\" \/><\/p>\n<div class=\"media_body\">\n<h2 class=\"title\">Damit Ihnen auch nichts entgeht<\/h2>\n<p>Weitere Events und Veranstaltungen in Baabe.<\/p>\n<\/div>\n<\/div>\n<div class=\"coltext\">Veranstaltungen<\/div>\n<\/div>\n<\/div>\n","protected":false},"excerpt":{"rendered":"<p>Freuen Sie sich auf interessante Veranstaltungen und beliebte Ausflugsziele in unmittelbarer N\u00e4he Karls Erdbeeren Das Erlebnisdorf in Zirkow. Karls-Erdbeerhof Festspiele Die allj\u00e4hrlichen St\u00f6rtebeker Festspiele St\u00f6rtebeker Die Lachm\u00f6we Kabarett und Satire. Ein lustiger Abend ist vorprogrammiert. Kabarett-Theater Damit Ihnen auch nichts entgeht Weitere Events und Veranstaltungen in Baabe. Veranstaltungen<\/p>\n","protected":false},"author":1,"featured_media":0,"parent":0,"menu_order":0,"comment_status":"closed","ping_status":"closed","template":"","meta":[],"_links":{"self":[{"href":"https:\/\/www.strandhaeuser-scheibner.de\/ferienhaus-ostsee-ruegen-strand\/wp-json\/wp\/v2\/pages\/546"}],"collection":[{"href":"https:\/\/www.strandhaeuser-scheibner.de\/ferienhaus-ostsee-ruegen-strand\/wp-json\/wp\/v2\/pages"}],"about":[{"href":"https:\/\/www.strandhaeuser-scheibner.de\/ferienhaus-ostsee-ruegen-strand\/wp-json\/wp\/v2\/types\/page"}],"author":[{"embeddable":true,"href":"https:\/\/www.strandhaeuser-scheibner.de\/ferienhaus-ostsee-ruegen-strand\/wp-json\/wp\/v2\/users\/1"}],"replies":[{"embeddable":true,"href":"https:\/\/www.strandhaeuser-scheibner.de\/ferienhaus-ostsee-ruegen-strand\/wp-json\/wp\/v2\/comments?post=546"}],"version-history":[{"count":25,"href":"https:\/\/www.strandhaeuser-scheibner.de\/ferienhaus-ostsee-ruegen-strand\/wp-json\/wp\/v2\/pages\/546\/revisions"}],"predecessor-version":[{"id":14006,"href":"https:\/\/www.strandhaeuser-scheibner.de\/ferienhaus-ostsee-ruegen-strand\/wp-json\/wp\/v2\/pages\/546\/revisions\/14006"}],"wp:attachment":[{"href":"https:\/\/www.strandhaeuser-scheibner.de\/ferienhaus-ostsee-ruegen-strand\/wp-json\/wp\/v2\/media?parent=546"}],"curies":[{"name":"wp","href":"https:\/\/api.w.org\/{rel}","templated":true}]}}